t s(x) = x**2 + 364*x + 27959. Give s(-254).
19
Let g(c) = -c**3 + 231*c**2 - 1151*c + 211824. Give g(230).
-6
Let w(a) = -45006*a + 270008. What is w(6)?
-28
Let x(a) = -2*a**2 + 64*a + 268. What is x(37)?
-102
Let b(d) = d**3 + d**2 + 29*d - 231. Determine b(0).
-231
Let p(l) = l**3 + 104*l**2 + 30*l + 2571. Determine p(-104).
-549
Let s(p) = -p**3 + 244*p**2 + 236*p - 2269. Give s(245).
-4474
Let f(p) = 24*p - 73. Give f(-34).
-889
Let v(g) = -3*g**2 + 370*g - 5799. What is v(16)?
-647
Let o(w) = -8*w**2 - 34*w + 35. Give o(-6).
-49
Let k(r) = 6*r**3 + 385*r**2 + 471*r + 694. Calculate k(-63).
-1196
Let a(v) = -318*v + 21739. Calculate a(69).
-203
Let m(b) = -9220*b - 66. Determine m(0).
-66
Let d(p) = -918*p + 39705. What is d(44)?
-687
Let y(u) = 124232*u - 869730. Give y(7).
-106
Let u(o) = -73301*o - 293196. Give u(-4).
8
Let v(y) = 862*y + 155189. Give v(-180).
29
Let t(j) = 2*j**3 + 173*j**2 - 86*j + 953. Calculate t(-87).
866
Let f(l) = -11262*l - 540784. Give f(-48).
-208
Let o(n) = -n**3 + 84*n**2 - 41*n - 2586. What is o(83)?
900
Let h(l) = -l**3 - 8*l**2 - 249*l - 1454. Determine h(-6).
-32
Let b(h) = 10*h**3 + 381*h**2 + 77*h + 1559. Calculate b(-38).
77
Let k(p) = -p**2 + 98*p - 293. Determine k(3).
-8
Let y(c) = 163791*c - 65. What is y(0)?
-65
Let x(p) = p**3 - 83*p**2 + 145*p + 7. Give x(81).
-1370
Let f(b) = 444*b - 963. What is f(3)?
369
Let i(b) = b**3 + 54*b**2 - 66*b + 2534. What is i(-56)?
-42
Let b(s) = -s**3 + 240*s**2 - 5648*s + 2076. Give b(26).
-108
Let d(p) = p**3 - 59*p**2 - 1490*p - 145. What is d(78)?
-769
Let h(m) = 3*m**2 - 333*m + 2316. What is h(0)?
2316
Let a(h) = h**3 - 96*h**2 - 105*h - 18930. Give a(99).
78
Let s(z) = 38*z**2 + 84*z - 104. Calculate s(-3).
-14
Let v(j) = -2*j**3 - 121*j**2 + 585*j - 41. Determine v(-65).
-41
Let m(y) = y**3 - 22*y**2 - 100*y + 2179. Give m(22).
-21
Let n(s) = -310*s - 5679. What is n(-17)?
-409
Let c(i) = 393*i**3 - 26329*i**2 - 138*i + 282. Calculate c(67).
14
Let l(q) = -2030*q - 60903. What is l(-30)?
-3
Let n(r) = 15879*r - 1159170. Calculate n(73).
-3
Let p(f) = 53558*f + 3. Calculate p(0).
3
Let z(l) = l**3 + 135*l**2 - 935*l - 126174. Give z(-135).
51
Let y(o) = -10*o**3 - 1068*o**2 - 640*o - 91370. What is y(-107)?
8
Let m(f) = 16*f**2 - 1061*f - 9436. Determine m(-8).
76
Let j(t) = 88*t**3 - t**2 - 695*t + 1385. What is j(2)?
695
Let a(u) = 81819*u + 163622. Determine a(-2).
-16
Let s(c) = c**2 - 33700*c - 1113190. Give s(-33).
-1
Let c(k) = -8293*k - 49656. What is c(-6)?
102
Let y(w) = 126930*w + 12. Determine y(0).
12
Let u(i) = i**3 + 17*i**2 - 275*i + 14. Give u(-28).
-910
Let u(q) = 6668*q**3 + 2*q**2 - 14*q + 15. What is u(1)?
6671
Let l(k) = -28*k**3 - 1033*k**2 + 129*k + 704. Determine l(-37).
38
Let v(x) = -13*x**2 + 1059*x + 1689. Calculate v(83).
29
Let w(k) = -k**2 - 1503*k - 6016. Calculate w(-4).
-20
Let g(v) = -11*v**3 - v**2 - 200067*v + 200068. Give g(1).
-11
Let y(f) = -2*f**2 + 197*f - 4501. Determine y(63).
-28
Let g(v) = -2*v**2 - 2553*v + 475692. Determine g(165).
-3
Let a(w) = 5614*w + 291412. What is a(-52)?
-516
Let b(g) = -40313*g - 8909173. Give b(-221).
0
Let k(n) = 3*n**2 + 1833*n + 45701. What is k(-26)?
71
Let o(f) = -2*f**2 - 150*f + 1671. Give o(-85).
-29
Let s(z) = z**3 - 69*z**2 - 1637*z + 653. What is s(-19)?
-12
Let v(w) = 9*w**2 - 147*w - 506. Calculate v(20).
154
Let f(b) = 146844*b + 36123621. Give f(-246).
-3
Let o(l) = 8*l**3 - 14*l**2 - 346*l - 41. Calculate o(6).
-893
Let i(a) = -a**3 + 61*a**2 + 30*a + 2444. Give i(62).
460
Let j(f) = 2*f**2 - 44*f - 1046. Calculate j(-18).
394
Let s(j) = -3*j**3 + 19*j**2 - 18*j + 210. Calculate s(9).
-600
Let g(v) = 3*v**3 - 4*v**2 + 178. What is g(-8)?
-1614
Let u(o) = -o**2 - 756*o + 6778. Give u(9).
-107
Let v(x) = -16331*x + 1551458. Give v(95).
13
Let b(y) = 5*y**2 + 172*y - 5720. What is b(21)?
97
Let s(c) = -c**3 + 4*c**2 - 720*c + 4396. What is s(6)?
4
Let i(j) = 549032*j - 12627747. Determine i(23).
-11
Let c(s) = -195*s**3 + 733*s**2 + 205*s - 85. What is c(4)?
-17
Let s(m) = 159063*m + 10339124. Calculate s(-65).
29
Let s(x) = -44*x**2 + 6331*x + 729. What is s(144)?
9
Let k(c) = 2*c**2 - 455*c + 11848. Determine k(30).
-2
Let y(w) = 54*w**3 + w**2 - 7031*w + 14059. Give y(2).
433
Let l(y) = -4*y**3 + 338*y**2 - 1737*y - 67. Calculate l(79).
12
Let q(m) = 2253065*m - 49567434. What is q(22)?
-4
Let l(a) = -2*a**3 - 8*a**2 - 12*a - 15. Determine l(-8).
593
Let m(c) = 2*c**3 + 22*c**2 - 115*c - 1297. Determine m(-10).
53
Let n(d) = -2*d**2 + 2414*d - 582059. Calculate n(874).
25
Let o(n) = -40*n**2 + 1870*n - 3143. Determine o(45).
7
Let z(m) = -5*m**2 - 125598*m + 753809. Determine z(6).
41
Let g(h) = 15842*h + 427684. Calculate g(-27).
-50
Let z(x) = -22*x**2 + 1099*x - 8112. Determine z(41).
-35
Let g(m) = -8095*m - 631445. Calculate g(-78).
-35
Let u(i) = 23*i**2 - 8401*i - 14684. Determine u(367).
-4
Let z(k) = -5*k**3 - 103*k**2 - 540*k - 135. Determine z(-9).
27
Let r(q) = q**3 + 370*q**2 - 6577*q - 134. What is r(-387)?
-908
Let j(f) = -4*f**3 - 88*f**2 + 420*f + 89. What is j(-26)?
-15
Let h(d) = -25*d**2 + 153*d + 1795. Give h(-6).
-23
Let f(p) = -16*p**2 - 633*p - 8058. Calculate f(-13).
-2533
Let m(u) = -u**2 - 81*u + 3107. Determine m(36).
-1105
Let l(j) = -137232*j + 137264. Calculate l(1).
32
Let p(q) = -933*q - 11244. Give p(-12).
-48
Let w(p) = -1288*p + 99183. What is w(77)?
7
Let u(c) = -c**3 - 53*c**2 + 9951*c + 534453. Determine u(-54).
15
Let w(b) = 345*b + 58024. Give w(-169).
-281
Let k(l) = 65335*l - 15223052. Calculate k(233).
3
Let l(d) = -16668*d + 1916802. What is l(115)?
-18
Let c(f) = -444*f - 1821. Give c(-6).
843
Let z(x) = -966454*x + 4832317. What is z(5)?
47
Let c(a) = a**3 - 676*a**2 - 6342*a + 121208. What is c(685)?
-37
Let a(c) = 286648*c + 9459360. What is a(-33)?
-24
Let t(g) = g**3 - 696*g**2 + 10212*g + 48. Give t(15).
3
Let q(r) = 11117*r - 222335. Give q(20).
5
Let s(n) = 50055*n + 15066549. What is s(-301)?
-6
Let t(u) = -297887*u - 1787321. Give t(-6).
1
Let a(p) = -16*p**3 - 119*p**2 + 193*p - 2. Give a(2).
-220
Let z(c) = 5*c**3 - 462*c**2 + 180*c + 91. Give z(92).
-277
Let v(f) = 2*f**2 + 436*f - 12205. Calculate v(25).
-55
Let z(u) = -2264*u + 203767. Calculate z(90).
7
Let u(h) = 11*h**2 - 2114*h + 226. What is u(192)?
-158
Let v(h) = 38*h**2 + 2000*h - 10027. What is v(5)?
923
Let h(s) = -3*s**3 - 2*s**2 + 86*s - 294. Give h(9).
-1869
Let d(c) = 6*c**2 + 59*c + 117. What is d(-8)?
29
Let a(w) = -360*w + 806. Determine a(2).
86
Let t(p) = -2*p**2 - 11717*p - 140562. Calculate t(-12).
-246
Let w(x) = 6012*x - 282511. What is w(47)?
53
Let i(r) = 332*r + 1645. Calculate i(-7).
-679
Let x(c) = -1461*c - 20354. Calculate x(-14).
100
Let c(y) = -14912*y + 417458. What is c(28)?
-78
Let y(r) = -r**3 + 46*r**2 - 509*r - 99. What is y(19)?
-23
Let r(i) = 11434*i - 697510. Calculate r(61).
-36
Let z(b) = -128*b - 8861. Determine z(-56).
-1693
Let m(l) = 706*l - 4174. What is m(9)?
2180
Let k(m) = -1093*m - 64498. Determine k(-59).
-11
Let l(c) = 145*c - 14409. Determine l(98).
-199
Let r(n) = 39*n**2 - 98*n - 45. Determine r(3).
12
Let q(v) = 11*v**3 + 8*v**2 - 27096*v - 54219. What is q(-2)?
-83
Let l(a) = -683*a + 32637. Determine l(48).
-147
Let x(g) = 5*g**2 + 3*g - 4073. Determine x(30).
517
Let y(r) = 3178*r + 292363. Determine y(-92).
-13
Let p(w) = 136*w - 5411. Calculate p(40).
29
Let i(d) = -140525*d + 843146. What is i(6)?
-4
Let w(s) = 10469*s - 387350. Give w(37).
3
Let z(y) = -106*y + 30712. Give z(302).
-1300
Let c(p) = -7*p**2 + 816*p - 1720. Give c(114).
332
Let m(h) = -4*h**2 + 204*h - 410. Give m(48).
166
Let g(q) = -q**3 - 304*q**2 - 852*q + 15532. Give g(-301).
181
Let s(c) = 161078*c - 25289245. Determine s(157).
1
Let v(x) = 115*x + 599. Determine v(4).
1059
Let v(b) = -231*b**2 - 33556*b - 8803. Determine v(-145).
42
Let o(d) = 4*d**2 - 5464*d + 805046. Give o(1198).
-10
Let p(g) = -1928*g + 3081. Calculate p(3).
-2703
Let x(t) = 1612*t + 4475. What is x(-3)?
-361
Let s(u) = u**3 - 370*u**2 + 1442*u + 7358. Give s(366).
-694
Let d(k) = -5*k**2 - 246*k - 3122. Calculate d(-17).
-385
Let o(g) = 7241*g - 36374. Calculate o(5).
-169
Let s(v) = 17*v**3 + 197*v**2 + 568*v - 51. Determine s(-3).
-441
Let r